{"id":199,"date":"2023-06-24T00:08:36","date_gmt":"2023-06-23T22:08:36","guid":{"rendered":"https:\/\/rada.baniaka.pl\/?page_id=199"},"modified":"2025-04-08T14:34:58","modified_gmt":"2025-04-08T12:34:58","slug":"turnieje","status":"publish","type":"page","link":"https:\/\/rada.baniaka.pl\/index.php\/turnieje\/","title":{"rendered":"Turnieje"},"content":{"rendered":"<p>[et_pb_section fb_built=\u201c1\u201d fullwidth=\u201con\u201d _builder_version=\u201c4.21.0\u201d _module_preset=\u201cdefault\u201d background_color=\u201c#000000\u201d background_image=\u201chttps:\/\/rada.baniaka.pl\/wp-content\/uploads\/2023\/06\/turnieje2-tlo.jpg\u201d background_position=\u201cbottom_center\u201d background_vertical_offset=\u201c20%\u201d background_enable_video_mp4=\u201coff\u201d height=\u201c70vh\u201d top_divider_style=\u201cramp\u201d top_divider_color=\u201c#000000\u201d bottom_divider_style=\u201cmountains2\u201d bottom_divider_color=\u201c#000000\u201d bottom_divider_height=\u201c130px\u201d bottom_divider_flip=\u201chorizontal\u201d global_colors_info=\u201d{}\u201d][\/et_pb_section][et_pb_section fb_built=\u201c1\u201d custom_padding_last_edited=\u201con|tablet\u201d _builder_version=\u201c4.19.4\u201d _module_preset=\u201cdefault\u201d background_color=\u201c#000000\u201d use_background_color_gradient=\u201con\u201d background_color_gradient_stops=\u201d#000000 0%|rgba(0,25,48,0.93) 30%|rgba(31,0,40,0.9) 49%|rgba(28,28,0,0.94) 70%|#000000 100%\u201d background_image=\u201chttps:\/\/rada.baniaka.pl\/wp-content\/uploads\/2023\/01\/kolaz-karty.jpg\u201d background_blend=\u201cmultiply\u201d custom_margin=\u201c0px|0px|0px|0px|false|false\u201d custom_padding=\u201c120px|0px|180px|0px|false|false\u201d custom_padding_tablet=\u201c30px|0px|180px|0px|false|false\u201d custom_padding_phone=\u201c30px|0px|180px|0px|false|false\u201d global_colors_info=\u201d{}\u201d][et_pb_row use_custom_gutter=\u201con\u201d make_equal=\u201con\u201d _builder_version=\u201c4.21.0\u201d _module_preset=\u201cdefault\u201d width=\u201c65%\u201d width_tablet=\u201c80%\u201d width_phone=\u201c80%\u201d width_last_edited=\u201con|tablet\u201d max_width=\u201c65%\u201d max_width_tablet=\u201c1080px\u201d max_width_phone=\u201c1080px\u201d max_width_last_edited=\u201con|tablet\u201d custom_margin=\u201c0px||0px||false|false\u201d custom_padding=\u201c0px||0px||false|false\u201d global_colors_info=\u201d{}\u201d][et_pb_column type=\u201c4_4\u201d _builder_version=\u201c4.19.4\u201d _module_preset=\u201cdefault\u201d global_colors_info=\u201d{}\u201d][et_pb_text _builder_version=\u201c4.21.0\u201d _module_preset=\u201cdefault\u201d text_font=\u201cAlegreya Sans|300|||||||\u201d text_text_color=\u201d#FFFFFF\u201d text_font_size=\u201c27px\u201d text_line_height=\u201c2em\u201d header_2_font=\u201cAlegreya Sans|700||on|||||\u201d header_2_text_color=\u201d#FFFFFF\u201d header_2_font_size=\u201c54px\u201d header_2_line_height=\u201c1.2em\u201d custom_margin=\u201c0px||0px||false|false\u201d custom_padding=\u201c0px||0px||false|false\u201d global_colors_info=\u201d{}\u201d]<\/p>\n<h2>Turnieje<\/h2>\n<p>[\/et_pb_text][\/et_pb_column][\/et_pb_row][et_pb_row use_custom_gutter=\u201con\u201d make_equal=\u201con\u201d disabled_on=\u201coff|off|off\u201d _builder_version=\u201c4.21.0\u201d _module_preset=\u201cdefault\u201d width=\u201c65%\u201d width_tablet=\u201c80%\u201d width_phone=\u201c80%\u201d width_last_edited=\u201con|tablet\u201d max_width=\u201c65%\u201d max_width_tablet=\u201c1080px\u201d max_width_phone=\u201c1080px\u201d max_width_last_edited=\u201con|tablet\u201d custom_margin=\u201c0px||0px||false|false\u201d custom_padding=\u201c0px||0px||false|false\u201d global_colors_info=\u201d{}\u201d][et_pb_column type=\u201c4_4\u201d _builder_version=\u201c4.19.4\u201d _module_preset=\u201cdefault\u201d global_colors_info=\u201d{}\u201d][et_pb_text _builder_version=\u201c4.21.0\u201d _module_preset=\u201cdefault\u201d text_text_color=\u201d#FFFFFF\u201d text_font_size=\u201c15px\u201d header_2_font=\u201d|600||on|||||\u201d header_2_text_color=\u201d#FFFFFF\u201d header_2_font_size=\u201c20px\u201d header_3_font=\u201d||||||||\u201d header_4_font=\u201d|||on|||||\u201d header_4_text_color=\u201d#FFFFFF\u201d header_4_font_size=\u201c14px\u201d custom_margin=\u201c0px||0px||false|false\u201d custom_padding=\u201c0px||0px||false|false\u201d border_color_top=\u201d#FFFFFF\u201d global_colors_info=\u201d{}\u201d]<\/p>\n<p>Od pre\u00admie\u00adry \u201eRady Pi\u0119\u00adciu\u201d sta\u00adra\u00admy si\u0119 orga\u00adni\u00adzo\u00adwa\u0107 tur\u00adnie\u00adje w&nbsp;nasz\u0105 gr\u0119. Poza nagro\u00add\u0105 g\u0142\u00f3w\u00adn\u0105 zawsze s\u0105 upo\u00admin\u00adki w&nbsp;posta\u00adci kart pre\u00admio\u00adwych za prze\u00adcho\u00addze\u00adnie poszcze\u00adg\u00f3l\u00adnych eta\u00adp\u00f3w tur\u00adnie\u00adju. Tur\u00adnie\u00adje s\u0105 og\u0142a\u00adsza\u00adne w&nbsp;posta\u00adci Wyda\u00adrze\u0144 na stro\u00adnie FB \u201eBaniak Baniaka\u201d.<\/p>\n<p>[\/et_pb_text][et_pb_divider color=\u201d#FFFFFF\u201d divider_weight=\u201c3px\u201d _builder_version=\u201c4.21.0\u201d _module_preset=\u201cdefault\u201d width=\u201c25%\u201d custom_margin=\u201c0px||0px||false|false\u201d custom_padding=\u201c30px||10px||false|false\u201d global_colors_info=\u201d{}\u201d][\/et_pb_divider][et_pb_text _builder_version=\u201c4.21.0\u201d _module_preset=\u201cdefault\u201d text_text_color=\u201d#FFFFFF\u201d text_font_size=\u201c15px\u201d header_2_font=\u201d|600||on|||||\u201d header_2_text_color=\u201d#FFFFFF\u201d header_2_font_size=\u201c20px\u201d header_3_font=\u201d|800||on|||||\u201d header_3_text_color=\u201c#E02B20\u201d header_3_font_size=\u201c14px\u201d header_3_line_height=\u201c1.2em\u201d header_4_font=\u201d|||on|||||\u201d header_4_text_color=\u201d#FFFFFF\u201d header_4_font_size=\u201c14px\u201d custom_margin=\u201c0px||0px||false|false\u201d custom_padding=\u201c0px||0px||false|false\u201d border_color_top=\u201d#FFFFFF\u201d global_colors_info=\u201d{}\u201d]<\/p>\n<h4>I Turniej<\/h4>\n<h2>Lublin<\/h2>\n<h3>zako\u0144czony<\/h3>\n<h4>Targi \u2013 22.04.2023<\/h4>\n<p>Zwy\u00adci\u0119z\u00adcy:<\/p>\n<p>I Miej\u00adsce: Adrian Pysiewicz<\/p>\n<p>II Miej\u00adsce: Nor\u00adbert Ko\u0142odziej<\/p>\n<p>[\/et_pb_text][et_pb_divider color=\u201d#FFFFFF\u201d divider_weight=\u201c3px\u201d _builder_version=\u201c4.21.0\u201d _module_preset=\u201cdefault\u201d width=\u201c25%\u201d custom_margin=\u201c0px||0px||false|false\u201d custom_padding=\u201c30px||10px||false|false\u201d global_colors_info=\u201d{}\u201d][\/et_pb_divider][et_pb_text _builder_version=\u201c4.21.0\u201d _module_preset=\u201cdefault\u201d text_text_color=\u201d#FFFFFF\u201d text_font_size=\u201c15px\u201d header_2_font=\u201d|600||on|||||\u201d header_2_text_color=\u201d#FFFFFF\u201d header_2_font_size=\u201c20px\u201d header_3_font=\u201d|800||on|||||\u201d header_3_text_color=\u201c#E02B20\u201d header_3_font_size=\u201c14px\u201d header_3_line_height=\u201c1.2em\u201d header_4_font=\u201d|||on|||||\u201d header_4_text_color=\u201d#FFFFFF\u201d header_4_font_size=\u201c14px\u201d custom_margin=\u201c0px||0px||false|false\u201d custom_padding=\u201c0px||0px||false|false\u201d border_color_top=\u201d#FFFFFF\u201d global_colors_info=\u201d{}\u201d]<\/p>\n<h4>II Turniej<\/h4>\n<h2>Warszawa<\/h2>\n<h3>zako\u0144czony<\/h3>\n<h4>Sklep Graal (Blue City) \u2013 20.05.2023<\/h4>\n<p>Zwy\u00adci\u0119z\u00adcy:<\/p>\n<p>I Miej\u00adsce: Woj\u00adciech Godlewski<\/p>\n<p>II Miej\u00adsce: Julia Glego\u0142a<\/p>\n<p>[\/et_pb_text][et_pb_divider color=\u201d#FFFFFF\u201d divider_weight=\u201c3px\u201d _builder_version=\u201c4.21.0\u201d _module_preset=\u201cdefault\u201d width=\u201c25%\u201d custom_margin=\u201c0px||0px||false|false\u201d custom_padding=\u201c30px||10px||false|false\u201d global_colors_info=\u201d{}\u201d][\/et_pb_divider][et_pb_text _builder_version=\u201c4.21.0\u201d _module_preset=\u201cdefault\u201d text_text_color=\u201d#FFFFFF\u201d text_font_size=\u201c15px\u201d header_2_font=\u201d|600||on|||||\u201d header_2_text_color=\u201d#FFFFFF\u201d header_2_font_size=\u201c20px\u201d header_3_font=\u201d|800||on|||||\u201d header_3_text_color=\u201c#E02B20\u201d header_3_font_size=\u201c14px\u201d header_3_line_height=\u201c1.2em\u201d header_4_font=\u201d|||on|||||\u201d header_4_text_color=\u201d#FFFFFF\u201d header_4_font_size=\u201c14px\u201d custom_margin=\u201c0px||0px||false|false\u201d custom_padding=\u201c0px||0px||false|false\u201d border_color_top=\u201d#FFFFFF\u201d global_colors_info=\u201d{}\u201d]<\/p>\n<h4>III Turniej<\/h4>\n<h2>Gda\u0144sk<\/h2>\n<h3>zako\u0144czony<\/h3>\n<h4>Pub Polufka \u2013 08.07.2023 14:00<\/h4>\n<p>Zwy\u00adci\u0119z\u00adca: Leszek \u201cSyd\u00adney\u201d Ludwicki<\/p>\n<p>[\/et_pb_text][et_pb_divider color=\u201d#FFFFFF\u201d divider_weight=\u201c3px\u201d _builder_version=\u201c4.21.0\u201d _module_preset=\u201cdefault\u201d width=\u201c25%\u201d custom_margin=\u201c0px||0px||false|false\u201d custom_padding=\u201c30px||10px||false|false\u201d global_colors_info=\u201d{}\u201d][\/et_pb_divider][et_pb_text _builder_version=\u201c4.22.2\u201d _module_preset=\u201cdefault\u201d text_text_color=\u201d#FFFFFF\u201d text_font_size=\u201c15px\u201d header_2_font=\u201d|600||on|||||\u201d header_2_text_color=\u201d#FFFFFF\u201d header_2_font_size=\u201c20px\u201d header_3_font=\u201d|800||on|||||\u201d header_3_text_color=\u201c#E02B20\u201d header_3_font_size=\u201c14px\u201d header_3_line_height=\u201c1.2em\u201d header_4_font=\u201d|||on|||||\u201d header_4_text_color=\u201d#FFFFFF\u201d header_4_font_size=\u201c14px\u201d custom_margin=\u201c0px||0px||false|false\u201d custom_padding=\u201c0px||0px||false|false\u201d border_color_top=\u201d#FFFFFF\u201d global_colors_info=\u201d{}\u201d]<\/p>\n<h4>IV Turniej<\/h4>\n<h2>Zielona G\u00f3ra<\/h2>\n<h3>zako\u0144czony<\/h3>\n<h4>Bachanalia Fantastyczne \u2013 23.09.2023 11:00<\/h4>\n<p>Zwy\u00adci\u0119z\u00adca: Woj\u00adtek \u201cDexter\u201d Owerko<\/p>\n<p>[\/et_pb_text][et_pb_divider color=\u201d#FFFFFF\u201d divider_weight=\u201c3px\u201d _builder_version=\u201c4.21.0\u201d _module_preset=\u201cdefault\u201d width=\u201c25%\u201d custom_margin=\u201c0px||0px||false|false\u201d custom_padding=\u201c30px||10px||false|false\u201d global_colors_info=\u201d{}\u201d][\/et_pb_divider][et_pb_text _builder_version=\u201c4.22.2\u201d _module_preset=\u201cdefault\u201d text_text_color=\u201d#FFFFFF\u201d text_font_size=\u201c15px\u201d header_2_font=\u201d|600||on|||||\u201d header_2_text_color=\u201d#FFFFFF\u201d header_2_font_size=\u201c20px\u201d header_3_font=\u201d|800||on|||||\u201d header_3_text_color=\u201c#E02B20\u201d header_3_font_size=\u201c14px\u201d header_3_line_height=\u201c1.2em\u201d header_4_font=\u201d|||on|||||\u201d header_4_text_color=\u201d#FFFFFF\u201d header_4_font_size=\u201c14px\u201d custom_margin=\u201c0px||0px||false|false\u201d custom_padding=\u201c0px||0px||false|false\u201d border_color_top=\u201d#FFFFFF\u201d global_colors_info=\u201d{}\u201d]<\/p>\n<h4>V Turniej<\/h4>\n<h2>krak\u00f3w<\/h2>\n<h3>zako\u0144czony<\/h3>\n<h4>bookgame krak\u00f3w \u2013 02.03.2024 10:30<\/h4>\n<p>Zwy\u00adci\u0119z\u00adca: Mate\u00adusz \u201c<span>Shi\u00adza\u201d <\/span>Szl\u0119\u00adzak<\/p>\n<p>[\/et_pb_text][et_pb_divider color=\u201d#FFFFFF\u201d divider_weight=\u201c3px\u201d _builder_version=\u201c4.21.0\u201d _module_preset=\u201cdefault\u201d width=\u201c25%\u201d custom_margin=\u201c0px||0px||false|false\u201d custom_padding=\u201c30px||10px||false|false\u201d global_colors_info=\u201d{}\u201d][\/et_pb_divider][et_pb_text _builder_version=\u201c4.27.3\u201d _module_preset=\u201cdefault\u201d text_text_color=\u201d#FFFFFF\u201d text_font_size=\u201c15px\u201d header_2_font=\u201d|600||on|||||\u201d header_2_text_color=\u201d#FFFFFF\u201d header_2_font_size=\u201c20px\u201d header_3_font=\u201d|800||on|||||\u201d header_3_text_color=\u201c#E02B20\u201d header_3_font_size=\u201c14px\u201d header_3_line_height=\u201c1.2em\u201d header_4_font=\u201d|||on|||||\u201d header_4_text_color=\u201d#FFFFFF\u201d header_4_font_size=\u201c14px\u201d custom_margin=\u201c0px||0px||false|false\u201d custom_padding=\u201c0px||0px||false|false\u201d border_color_top=\u201d#FFFFFF\u201d global_colors_info=\u201d{}\u201d]<\/p>\n<h4>VI Turniej<\/h4>\n<h2>zielona g\u00f3ra<\/h2>\n<h3>zako\u0144czony<\/h3>\n<h4>Bachanalia Fantastyczne, 22.09.2024, 11:00<\/h4>\n<p>Zwy\u00adci\u0119z\u00adca: <span>Pawe\u0142 Ada\u00admo\u00adwicz<\/span><\/p>\n<p>[\/et_pb_text][et_pb_divider color=\u201d#FFFFFF\u201d divider_weight=\u201c3px\u201d _builder_version=\u201c4.21.0\u201d _module_preset=\u201cdefault\u201d width=\u201c25%\u201d custom_margin=\u201c0px||0px||false|false\u201d custom_padding=\u201c30px||10px||false|false\u201d global_colors_info=\u201d{}\u201d][\/et_pb_divider][et_pb_text _builder_version=\u201c4.27.0\u201d _module_preset=\u201cdefault\u201d text_text_color=\u201d#FFFFFF\u201d text_font_size=\u201c15px\u201d header_2_font=\u201d|600||on|||||\u201d header_2_text_color=\u201d#FFFFFF\u201d header_2_font_size=\u201c20px\u201d header_3_font=\u201d|800||on|||||\u201d header_3_text_color=\u201c#7CDA24\u201d header_3_font_size=\u201c14px\u201d header_3_line_height=\u201c1.2em\u201d header_4_font=\u201d|||on|||||\u201d header_4_text_color=\u201d#FFFFFF\u201d header_4_font_size=\u201c14px\u201d custom_margin=\u201c0px||0px||false|false\u201d custom_padding=\u201c0px||0px||false|false\u201d border_color_top=\u201d#FFFFFF\u201d global_colors_info=\u201d{}\u201d]<\/p>\n<h4>VII Turniej<\/h4>\n<h2>Lublin<\/h2>\n<h3><span style=\"color: #e02b20;\">zako\u0144czony<\/span><\/h3>\n<h4>StartFest, 19.10.2024, 11:00<\/h4>\n<p>Zwy\u00adci\u0119z\u00adca: <span>Daniel Sygnec\u00adki<\/span><\/p>\n<p>[\/et_pb_text][et_pb_divider color=\u201d#FFFFFF\u201d divider_weight=\u201c3px\u201d _builder_version=\u201c4.21.0\u201d _module_preset=\u201cdefault\u201d width=\u201c25%\u201d custom_margin=\u201c0px||0px||false|false\u201d custom_padding=\u201c30px||10px||false|false\u201d global_colors_info=\u201d{}\u201d][\/et_pb_divider][et_pb_text _builder_version=\u201c4.27.0\u201d _module_preset=\u201cdefault\u201d text_text_color=\u201d#FFFFFF\u201d text_font_size=\u201c15px\u201d header_2_font=\u201d|600||on|||||\u201d header_2_text_color=\u201d#FFFFFF\u201d header_2_font_size=\u201c20px\u201d header_3_font=\u201d|800||on|||||\u201d header_3_text_color=\u201c#7CDA24\u201d header_3_font_size=\u201c14px\u201d header_3_line_height=\u201c1.2em\u201d header_4_font=\u201d|||on|||||\u201d header_4_text_color=\u201d#FFFFFF\u201d header_4_font_size=\u201c14px\u201d custom_margin=\u201c0px||0px||false|false\u201d custom_padding=\u201c0px||0px||false|false\u201d border_color_top=\u201d#FFFFFF\u201d global_colors_info=\u201d{}\u201d]<\/p>\n<h4>VIII Turniej<\/h4>\n<h2>Gda\u0144sk<\/h2>\n<h3><span style=\"color: #e02b20;\">zako\u0144czony<\/span><\/h3>\n<h4>AleGramy, 16.11.2024, 11:00<\/h4>\n<p>Zwy\u00adci\u0119z\u00adca: <span>Daniel Sygnec\u00adki<\/span><\/p>\n<p>[\/et_pb_text][et_pb_divider color=\u201d#FFFFFF\u201d divider_weight=\u201c3px\u201d _builder_version=\u201c4.21.0\u201d _module_preset=\u201cdefault\u201d width=\u201c25%\u201d custom_margin=\u201c0px||0px||false|false\u201d custom_padding=\u201c30px||10px||false|false\u201d global_colors_info=\u201d{}\u201d][\/et_pb_divider][et_pb_text _builder_version=\u201c4.27.4\u201d _module_preset=\u201cdefault\u201d text_text_color=\u201d#FFFFFF\u201d text_font_size=\u201c15px\u201d header_2_font=\u201d|600||on|||||\u201d header_2_text_color=\u201d#FFFFFF\u201d header_2_font_size=\u201c20px\u201d header_3_font=\u201d|800||on|||||\u201d header_3_text_color=\u201c#7CDA24\u201d header_3_font_size=\u201c14px\u201d header_3_line_height=\u201c1.2em\u201d header_4_font=\u201d|||on|||||\u201d header_4_text_color=\u201d#FFFFFF\u201d header_4_font_size=\u201c14px\u201d header_5_font=\u201d|300|on||||||\u201d header_5_text_color=\u201d#FFFFFF\u201d header_5_font_size=\u201c14px\u201d custom_margin=\u201c0px||0px||false|false\u201d custom_padding=\u201c0px||0px||false|false\u201d border_color_top=\u201d#FFFFFF\u201d global_colors_info=\u201d{}\u201d]<\/p>\n<h4>IX Turniej<\/h4>\n<h2>Warszawa<\/h2>\n<h3><span style=\"color: #e02b20;\">zako\u0144czony<\/span><\/h3>\n<h4>Sklep Graal (Blue City) \u2013 05.04.2025<\/h4>\n<p>Zwy\u00adci\u0119z\u00adca: Mate\u00adusz \u201c<span>Shi\u00adza\u201d <\/span>Szl\u0119\u00adzak<span><\/span><\/p>\n<p>[\/et_pb_text][\/et_pb_column][\/et_pb_row][\/et_pb_section][et_pb_section fb_built=\u201c1\u201d prev_background_color=\u201c#000000\u201d next_background_color=\u201c#000000\u201d _builder_version=\u201c4.21.0\u201d _module_preset=\u201cdefault\u201d background_image=\u201chttps:\/\/rada.baniaka.pl\/wp-content\/uploads\/2023\/06\/r5-0623-promo\u20114.jpg\u201d parallax=\u201con\u201d custom_padding=\u201c10%||10%||true|false\u201d top_divider_style=\u201cramp\u201d bottom_divider_style=\u201cramp\u201d global_colors_info=\u201d{}\u201d][et_pb_row use_custom_gutter=\u201con\u201d make_equal=\u201con\u201d _builder_version=\u201c4.19.4\u201d _module_preset=\u201cdefault\u201d width=\u201c65%\u201d width_tablet=\u201c80%\u201d width_phone=\u201c80%\u201d width_last_edited=\u201con|tablet\u201d max_width=\u201c65%\u201d max_width_tablet=\u201c1080px\u201d max_width_phone=\u201c1080px\u201d max_width_last_edited=\u201con|tablet\u201d custom_padding=\u201c120px||||false|false\u201d global_colors_info=\u201d{}\u201d][et_pb_column type=\u201c4_4\u201d _builder_version=\u201c4.19.4\u201d _module_preset=\u201cdefault\u201d global_colors_info=\u201d{}\u201d][et_pb_text _builder_version=\u201c4.21.0\u201d _module_preset=\u201cdefault\u201d text_font=\u201cAlegreya Sans|300|||||||\u201d text_text_color=\u201d#FFFFFF\u201d text_font_size=\u201c27px\u201d text_line_height=\u201c2em\u201d header_2_font=\u201cAlegreya Sans|700||on|||||\u201d header_2_text_align=\u201ccenter\u201d header_2_text_color=\u201d#FFFFFF\u201d header_2_font_size=\u201c54px\u201d header_2_line_height=\u201c1.2em\u201d custom_margin=\u201c0px||0px||false|false\u201d custom_padding=\u201c0px||0px||false|false\u201d header_2_text_align_tablet=\u201ccenter\u201d header_2_text_align_phone=\u201ccenter\u201d header_2_text_align_last_edited=\u201con|tablet\u201d global_colors_info=\u201d{}\u201d]<\/p>\n<h2>rada pi\u0119ciu. Tylko W&nbsp;sklepie baniaka.<\/h2>\n<p>[\/et_pb_text][\/et_pb_column][\/et_pb_row][et_pb_row use_custom_gutter=\u201con\u201d gutter_width=\u201c1\u201d make_equal=\u201con\u201d _builder_version=\u201c4.19.4\u201d _module_preset=\u201cdefault\u201d width_tablet=\u201c80%\u201d width_phone=\u201c80%\u201d width_last_edited=\u201con|desktop\u201d max_width=\u201c80%\u201d max_width_tablet=\u201c1080px\u201d max_width_phone=\u201c1080px\u201d max_width_last_edited=\u201con|tablet\u201d custom_padding=\u201c0px||90px||false|false\u201d global_colors_info=\u201d{}\u201d][et_pb_column type=\u201c4_4\u201d _builder_version=\u201c4.19.4\u201d _module_preset=\u201cdefault\u201d global_colors_info=\u201d{}\u201d][et_pb_button button_url=\u201chttps:\/\/sklep.baniaka.pl\/produkt\/rada-pieciu-standard\/\u201d url_new_window=\u201con\u201d button_text=\u201cRada Pi\u0119\u00adciu\u201d button_alignment=\u201ccenter\u201d button_alignment_tablet=\u201ccenter\u201d button_alignment_phone=\u201ccenter\u201d button_alignment_last_edited=\u201con|tablet\u201d _builder_version=\u201c4.19.4\u201d _module_preset=\u201cdefault\u201d custom_button=\u201con\u201d button_text_size=\u201c28px\u201d button_text_color=\u201d#FFFFFF\u201d button_bg_color=\u201cRGBA(255,255,255,0)\u201d button_border_color=\u201d#FFFFFF\u201d button_font=\u201cAlegreya Sans SC|500|||||||\u201d button_use_icon=\u201coff\u201d custom_margin=\u201c30px||||false|false\u201d global_colors_info=\u201d{}\u201d button_bg_color__hover_enabled=\u201con|desktop\u201d button_border_color__hover_enabled=\u201con|hover\u201d button_bg_color__hover=\u201d#FFFFFF\u201d button_bg_enable_color__hover=\u201con\u201d button_text_color__hover_enabled=\u201con|desktop\u201d button_text_color__hover=\u201c#000000\u201d button_border_color__hover=\u201d#FFFFFF\u201d][\/et_pb_button][\/et_pb_column][\/et_pb_row][\/et_pb_section][et_pb_section fb_built=\u201c1\u201d _builder_version=\u201c4.19.4\u201d _module_preset=\u201cdefault\u201d background_color=\u201c#000000\u201d custom_padding=\u201c0px||0px|||\u201d global_colors_info=\u201d{}\u201d][et_pb_row _builder_version=\u201c4.19.4\u201d _module_preset=\u201cdefault\u201d global_colors_info=\u201d{}\u201d][et_pb_column type=\u201c4_4\u201d _builder_version=\u201c4.19.4\u201d _module_preset=\u201cdefault\u201d global_colors_info=\u201d{}\u201d][et_pb_image src=\u201chttps:\/\/rada.baniaka.pl\/wp-content\/uploads\/2023\/01\/BB-biale@4x.png\u201d title_text=\u201cBB-biale@4x\u201d align=\u201ccenter\u201d _builder_version=\u201c4.19.4\u201d _module_preset=\u201cdefault\u201d width=\u201c20%\u201d max_width=\u201c20%\u201d global_colors_info=\u201d{}\u201d][\/et_pb_image][\/et_pb_column][\/et_pb_row][\/et_pb_section]<\/p>\n","protected":false},"excerpt":{"rendered":"<p>Tur\u00adnie\u00adje\u00adOd pre\u00admie\u00adry \u201eRady Pi\u0119\u00adciu\u201d sta\u00adra\u00admy si\u0119 orga\u00adni\u00adzo\u00adwa\u0107 tur\u00adnie\u00adje w&nbsp;nasz\u0105 gr\u0119. Poza nagro\u00add\u0105 g\u0142\u00f3w\u00adn\u0105 zawsze s\u0105 upo\u00admin\u00adki w&nbsp;posta\u00adci kart pre\u00admio\u00adwych za prze\u00adcho\u00addze\u00adnie poszcze\u00adg\u00f3l\u00adnych eta\u00adp\u00f3w tur\u00adnie\u00adju. Tur\u00adnie\u00adje s\u0105 og\u0142a\u00adsza\u00adne w&nbsp;posta\u00adci Wyda\u00adrze\u0144 na stro\u00adnie FB \u201eBaniak Baniaka\u201d.I Tur\u00adniej Lublin zako\u0144\u00adczo\u00adny Tar\u00adgi \u2013 22.04.2023 Zwy\u00adci\u0119z\u00adcy: I&nbsp;Miej\u00adsce: Adrian Pysie\u00adwicz II Miej\u00adsce: Nor\u00adbert Ko\u0142o\u00addzie\u00adjII Tur\u00adniej War\u00adsza\u00adwa zako\u0144czony&nbsp;[\u2026]<\/p>\n","protected":false},"author":1,"featured_media":0,"parent":0,"menu_order":0,"comment_status":"closed","ping_status":"closed","template":"","meta":{"_et_pb_use_builder":"on","_et_pb_old_content":"","_et_gb_content_width":"","wp_typography_post_enhancements_disabled":false,"footnotes":""},"class_list":["post-199","page","type-page","status-publish","hentry"],"_links":{"self":[{"href":"https:\/\/rada.baniaka.pl\/index.php\/wp-json\/wp\/v2\/pages\/199","targetHints":{"allow":["GET"]}}],"collection":[{"href":"https:\/\/rada.baniaka.pl\/index.php\/wp-json\/wp\/v2\/pages"}],"about":[{"href":"https:\/\/rada.baniaka.pl\/index.php\/wp-json\/wp\/v2\/types\/page"}],"author":[{"embeddable":true,"href":"https:\/\/rada.baniaka.pl\/index.php\/wp-json\/wp\/v2\/users\/1"}],"replies":[{"embeddable":true,"href":"https:\/\/rada.baniaka.pl\/index.php\/wp-json\/wp\/v2\/comments?post=199"}],"version-history":[{"count":19,"href":"https:\/\/rada.baniaka.pl\/index.php\/wp-json\/wp\/v2\/pages\/199\/revisions"}],"predecessor-version":[{"id":445,"href":"https:\/\/rada.baniaka.pl\/index.php\/wp-json\/wp\/v2\/pages\/199\/revisions\/445"}],"wp:attachment":[{"href":"https:\/\/rada.baniaka.pl\/index.php\/wp-json\/wp\/v2\/media?parent=199"}],"curies":[{"name":"wp","href":"https:\/\/api.w.org\/{rel}","templated":true}]}}